f - 5*a = 170. Calculate the highest common factor of f and j.
38
Let h = 582 - 550. Let z be (-2)/(-1*(-2)/(-144)). What is the greatest common divisor of z and h?
16
Suppose 41*k = 38*k + 237. Let h be (-2)/7 - (k/(-7))/1. Suppose 3*i - 4*q - 133 = -3*q, -4*q = 4*i - 172. What is the greatest common factor of h and i?
11
Let r(i) = i**2 - 265*i + 2590. Let w be r(10). Let p = 1 - 2. Let k be (p/(-2))/((-1)/(-120)). Calculate the highest common divisor of k and w.
20
Let h = -23003 + 27561. What is the greatest common factor of 86 and h?
86
Suppose b - 180 = -3*x, -2*b + 9*x + 300 = 5*x. What is the greatest common divisor of 8478 and b?
54
Let t(o) = -o + 8. Let j be t(6). Let h(x) = 0*x + x**2 - 5*x**2 + 2*x + 18*x**2. Let r be h(j). What is the highest common factor of r and 12?
12
Suppose 3*s = 7*s - 16, 3*s = -4*k + 588. Suppose -26*x + 11880 = -11*x. What is the greatest common divisor of x and k?
72
Suppose -101620 = -25*w + 31135 - 23880. Calculate the greatest common divisor of 67 and w.
67
Suppose 0*x - x = 6*x. Suppose 4*u - 5*f = 1581 + 751, 5*f = x. Calculate the greatest common divisor of 53 and u.
53
Let o be 17 - 16 - (-2 - 93). Suppose 95*m = o*m - 69. Calculate the highest common factor of m and 161.
23
Let x = 7748 + -1509. Calculate the greatest common factor of 17 and x.
17
Suppose -11*x = -35*x + 192. Let v(y) = -19*y + 169. Let j be v(x). What is the greatest common factor of j and 459?
17
Let d = 32 + -46. Let z be 202 - d/((-12)/(-6)). What is the highest common factor of z and 19?
19
Let b be 8/12*234/(-4). Let r be (-19 - -21)/(((-24)/b)/4). What is the highest common divisor of r and 13?
13
Let o = 425 + -393. Let g(z) = z**2 - 4*z + 7. Let k be g(3). Suppose -42 = -k*c - 2*r, -3*c + 2*r = -r - 9. What is the highest common factor of c and o?
8
Let i(d) = 27*d - 13 + 3*d**3 - 23 - 4*d**3 + 10*d + 15*d**2. Let m be i(17). Calculate the greatest common factor of 70 and m.
5
Let z(i) = i**2 - 5*i - 9. Let a be z(-3). Let r be 2 - (1 - (0 - 1)). Suppose j - 1 = r, j + 0*j = -2*s + 21. Calculate the greatest common factor of a and s.
5
Let h = 138 + -112. Let y = -2188 + 3410. Calculate the highest common factor of y and h.
26
Let n = 3202 + -3052. What is the highest common divisor of n and 50?
50
Suppose 29 - 94 = -3*g - 5*i, g + 25 = 5*i. What is the greatest common factor of 14470 and g?
10
Suppose -4*p - 625 = -f, 28*f - 617 = 27*f - 4*p. Calculate the greatest common factor of f and 54.
27
Let n = 8673 + -3868. Calculate the greatest common factor of n and 10.
5
Let t be (0 + -5)/((-45)/54). Let v be (6 - 1) + 0 + -2. What is the greatest common factor of t and v?
3
Suppose -5 = -4*k + 27. Suppose 0 = k*h - 86 - 354. Let c be h/(-22)*(-64)/10. Calculate the highest common factor of c and 16.
16
Suppose 20 = 4*q - 5*a + 3*a, 3*a + 9 = -q. Let m be 0 - q/((-15)/20). Suppose m*h + 145 = 465. Calculate the greatest common divisor of 32 and h.
16
Let w(n) = -10*n**3 + 6*n**2 - 41*n - 202. Let x be w(-7). Calculate the highest common factor of 91 and x.
13
Let q = -709 - -725. Suppose 2*p = -q*p + 36. Let c be (2/3)/((-2)/(-42)). Calculate the highest common divisor of c and p.
2
Let y = 1309 - -160. Calculate the highest common divisor of y and 195.
13
Let n = 161 - 90. Suppose l - 23*k = -18*k + 416, k = 4*l - 1702. Calculate the highest common divisor of n and l.
71
Suppose 92*u - 89*u = 3*z + 321, -3*u + 329 = 5*z. What is the greatest common divisor of u and 1536?
12
Let o = 6 - 2. Let d(t) = 28*t**2 - 3528*t + 20. Let i be d(126). What is the greatest common divisor of o and i?
4
Let j be (-405)/(-6) - (-15)/6. Calculate the highest common factor of 910 and j.
70
Suppose 199 = -41*x + 1552. Calculate the greatest common factor of 24 and x.
3
Let z = -1047 - -1059. Let c be 6/15 + ((-4272)/20)/(-6). Calculate the highest common factor of z and c.
12
Suppose 750 - 2014 = -16*x. Let m = 204 - x. Calculate the highest common divisor of m and 75.
25
Suppose -5*d - 2*l + 280 = 0, -5*d + 397 = -l + 117. Calculate the highest common divisor of 9520 and d.
56
Suppose 4*r - 5*f - 1258 = 0, -f + 1 = 2*r - 621. Suppose 193 = 621*a - 5118 - 18908. What is the highest common divisor of a and r?
39
Let k(g) = -6*g + 18. Let s be k(6). Let q be s/10*(-2320)/87. What is the highest common factor of 80 and q?
16
Suppose 5*z + 4*q = 18, 30 = z + 3*z - 2*q. Let p(g) = -2*g**2 - 1 + 4*g**2 + 34*g - 39*g. Let o be p(5). Calculate the highest common divisor of o and z.
6
Let t = -49 + 49. Let p = t - -9. Suppose -p = -v + 7. What is the greatest common factor of 16 and v?
16
Suppose v - 1203 = -3*x, -33*v + 30*v + 3*x + 3597 = 0. Let k(m) = 3*m - 11. Let z be k(9). What is the highest common divisor of z and v?
16
Let x be (140/40)/(0 - -1)*26. What is the highest common divisor of 77 and x?
7
Let g = -85 - -29. Let n = g + 71. Suppose -1573 = -n*l + 2*l. Calculate the highest common factor of 11 and l.
11
Let l(v) = v**3 - 32*v**2 + 215*v + 78. Let g be l(24). What is the highest common divisor of g and 1590?
30
Suppose 7*o = 6362 + 6294. Suppose o = 13*n + 456. Let u = 34 + -21. Calculate the greatest common divisor of n and u.
13
Suppose 2*y + 1 = -x, -2*y = -3*y + 5*x + 16. Let i = 20 + y. Let l be (6/(-4) - 0)*-98. Calculate the greatest common factor of l and i.
21
Let m(z) = 492*z. Let l be m(1). Suppose -36*j + 6103 = 5671. What is the highest common divisor of j and l?
12
Let t be (-9 - -734) + -15 + 0. Calculate the highest common divisor of t and 120.
10
Let x = 9 - 7. Suppose -4*b + 42 = x*v, 10*v = -b + 5*v - 12. Let c = 768 + -690. What is the highest common divisor of c and b?
13
Suppose -5*p = -2*t - 59, 4*t + p = -128 - 23. Let j = -22 - t. What is the greatest common divisor of 165 and j?
15
Let l(g) = g**3 - 9*g**2 - 12*g + 23. Let w = -50 - -60. Let y be l(w). Suppose -y*h + 1463 = 4*h. What is the greatest common divisor of h and 19?
19
Suppose -7*t = -4*a - 4*t + 4, 0 = -4*t. Let m be (-1709 - a)/6*2/(-3). What is the highest common divisor of 38 and m?
38
Let d be (3 - 0)*1 - -3. Suppose -3*c + d + 45 = 0. Suppose -306 = 20*a - 22*a. Calculate the highest common divisor of c and a.
17
Suppose 3*j - 69715 = -34*a + 33*a, 46458 = 2*j + 3*a. What is the highest common divisor of 183 and j?
183
Let v(b) = -3*b**2 - 203*b - 1351. Let l be v(-59). What is the highest common factor of 78 and l?
3
Let w be 2*(-1)/((-3)/(-6)). Let j = 16 + w. Let p = 203 + -191. What is the greatest common divisor of j and p?
12
Let a(k) = k**2 - 16*k - 76. Let h be 15 + (-2)/9 + (-188)/(-36). Let q be a(h). What is the greatest common divisor of q and 212?
4
Suppose h - 1038 = -x, 2*h - 4*h = x - 1041. What is the highest common divisor of 15 and x?
15
Let q be 4 - (7 - (-15)/(-3)). Let v be (((-3)/q)/1)/((-12)/72). Calculate the greatest common factor of 279 and v.
9
Let t be ((-6)/18 - (-14)/6)*(-2010)/(-268). Calculate the greatest common factor of t and 13140.
15
Let q be (-25254)/(-161) - 18/21. Let p be (-8)/24 - 236/(-6). Calculate the highest common divisor of q and p.
39
Let s be -2*(2 - (-20)/(-5)). Suppose s*n - 196 = -5*l, -4*l + 148 = 2*n - n. Calculate the highest common divisor of l and 99.
9
Let r = 23855 + -23830. Let w be 2/13 + 3894/39. Calculate the highest common divisor of w and r.
25
Let l be 48 + 25 - (-5 + (-1 - -4)). Suppose -c - 119 = 5*n - 789, 550 = 4*n - 2*c. Calculate the greatest common divisor of n and l.
15
Let w = -56 + 59. Let m(s) = 43*s**2 - 2*s - 5*s - 46*s**2 + 10 + s**w. Let i be m(6). Calculate the greatest common divisor of 19 and i.
19
Suppose 0 = -107*j + 51*j + 13608. Calculate the greatest common divisor of j and 324.
81
Let d be (3*1 - (-4370)/40)*4. Let m = -183 + d. What is the greatest common factor of m and 38?
38
Let y = 128 - 180. Let g = -20 - y. Suppose 5*x = j - g, -135 + 15 = -5*j + 5*x. Calculate the greatest common divisor of j and 198.
22
Let t(w) = 2*w**2 + 10*w - 139. Let u(l) = l**2 + 5*l - 68. Let b(n) = 4*t(n) - 7*u(n). Let v be b(12). Calculate the greatest common divisor of 31 and v.
31
Suppose 3*l - l - 490 = -2*s, l = 3*s + 225. What is the greatest common divisor of l and 380?
20
Let f = -64 + 62. Let h be 2/(-5) + (-819)/(-35) + f. Suppose 0 = -5*g + h + 4. Calcu